**2. What is v(-2)?
5
Let y(r) = r**3 - 4*r**2 + r - 3. Suppose -b + 15 = 4*b. Suppose 5*p - b*p = 10. Let g = 9 - p. Determine y(g).
1
Let q(x) = 4*x + 4. Let c = 15 - 11. Let w be (-3 - 0)/((-6)/c). Suppose -o + 0*u - 4*u - 19 = 0, 0 = w*o + 5*u + 26. Determine q(o).
-8
Let a(n) = 1 - 3*n**2 + 5 - 5*n + 4*n**2. Suppose 0 = -5*j + 25, -5*x - 2*j + 5*j = 10. Suppose -f - 1 = 5*i, -2*i = f + x - 3. What is a(f)?
2
Let n(x) be the second derivative of 1/2*x**4 - 1/2*x**2 + 0*x**3 + 3*x + 0. Give n(1).
5
Let s(k) = -3*k - 6. Let y(f) = 3*f + 5. Let t(h) = 5*s(h) + 6*y(h). What is t(4)?
12
Let v(d) = -d. Let l(x) = 3*x**2 + 2*x. Let p(k) = l(k) + 3*v(k). What is p(1)?
2
Let a = 14 - 10. Suppose 2 = -a*q - 2. Let p(v) = 6*v - 1. Calculate p(q).
-7
Suppose -2*b + i = 3*i - 12, -2 = -3*b + i. Let n(r) = 3*r - 8 + 8*r + 4*r - 12. Let m(w) = -5*w + 7. Let l(h) = -11*m(h) - 4*n(h). Determine l(b).
-7
Let p be (-2 + 3)/(4*2/(-16)). Let f(s) = -2*s. Determine f(p).
4
Let g(w) = 2*w**2 + 3*w - 3. Let o(m) = -m**2 - m. Let p(y) = g(y) + 3*o(y). Calculate p(-3).
-12
Let q(h) = 4*h**2 + 3*h + 3. Let k(i) be the third derivative of -i**5/60 + 8*i**2. Let l(w) = -3*k(w) - q(w). Let s be -2 - (1 + 0/(-1)). Determine l(s).
-3
Let s be 175/(-63) - (-2)/(-9). Let a(d) = -7*d - 3. Let z(h) = -76*h - 32. Let f(m) = s*z(m) + 32*a(m). Determine f(-1).
-4
Let u(q) be the first derivative of q**4/4 + 2*q**3/3 - q**2/2 + q - 25. Calculate u(-2).
3
Let q(c) be the second derivative of -c**4/12 - c**3/3 + 2*c**2 - 5*c. Determine q(3).
-11
Suppose 5*y + 4*z = -28 + 72, -y = 3*z. Let j(d) = 7*d - 3 + 9*d - y*d - d**2. Determine j(3).
0
Suppose g = 6*g - 15. Let h = -6 + g. Let r(v) = v**2 + 2*v. Give r(h).
3
Let j(s) = s**2 + s - 1. Let f(o) = -3*o**2 + 4*o + 4. Let w(v) = -f(v) - 4*j(v). Give w(-6).
12
Let s(r) = -4*r - 2. Let m(i) = 8*i + 4. Let f = -1 - 2. Let g(d) = f*m(d) - 7*s(d). Give g(-2).
-6
Let a(u) = -7*u**2 + u. Suppose 3*k + k = -2*q - 2, -4*q = 12. Give a(k).
-6
Let k(s) = -7*s**2 + 4*s - 3. Suppose -4*c = 1 + 51. Let x(n) = -15*n**2 + 8*n - 6. Let f(w) = c*k(w) + 6*x(w). Give f(2).
-1
Let y(f) = f**3 + 4*f**2 + f - 1. Let w(k) be the second derivative of k**5/10 + k**4/4 + k**3/6 - 3*k. Let u(x) = 2*w(x) - 3*y(x). Give u(6).
-3
Let t(i) be the third derivative of i**5/60 - i**4/12 + i**3/6 - 19*i**2. What is t(4)?
9
Let i = 71 - 69. Let y(c) = c**2 + 3*c - 2. Determine y(i).
8
Let v = -2 - -4. Suppose v*r - 2 = t + t, -t + 2*r - 6 = 0. Let h(s) = -3 - 4*s + 6 + 1. Determine h(t).
-12
Let f(s) = s**2 - s - 1. Let i = -14 - -15. Calculate f(i).
-1
Let d(m) = -m**3 + m**2 - m - 1. Let i be (-4)/(-16) - (-47)/4. Let a(o) = -4*o + i + 5*o - 5. Let b be a(-7). Give d(b).
-1
Let t be ((-1)/3)/(1/(-9)). Let y(o) = 7*o - 1 - 2*o**2 + 3*o**3 - 4*o**3 - t*o**2. What is y(-6)?
-7
Let w(o) = -3*o**2 + 2. Let m = -7 - -4. Let b be 3/(-6)*(1 - m). Give w(b).
-10
Let g(x) = -10*x + 1. Suppose 2*i - 11 = -7. Give g(i).
-19
Suppose -32 = 4*i - 4*j, 4*i + 11 = 4*j - 7*j. Let z(x) = -x - 7. Determine z(i).
-2
Let h(b) = -6*b - 2. Let t(i) = -2*i + 1. Let x(d) = -h(d) + 2*t(d). Suppose 3*l - 8*l + 10 = 0. Let j be l/9 - (-38)/(-9). Give x(j).
-4
Let y(w) = 8*w - 7*w - 9*w - w**3 + 11 - 10*w**2. Let o be y(-9). Let z(u) = 5*u - 3. What is z(o)?
7
Let t(p) = -7*p**2. Let r(q) = q**2. Let i = -18 + 11. Let g(h) = -3*h + 3. Let x be g(i). Let z(c) = x*r(c) + 3*t(c). Calculate z(1).
3
Suppose -4*j + 3*g = 8, -3*j + 7*j - 20 = -4*g. Let p(y) = 4*y**3 - y. Give p(j).
3
Let i(c) = -c**2 - 6*c + 4. Let k be i(-6). Let a(x) = 2 + 1 - 3 + 3*x + 4 - x**2. What is a(k)?
0
Suppose 4*v + 23 = -3*q, 4*v + 7 + 11 = -2*q. Let s(w) be the third derivative of -w**4/12 - w**3/6 + 17*w**2. Calculate s(v).
3
Let r(m) = 14*m**3 + m**2 - 4*m + 1. Let j be 111/21 - 4/14. Let f(z) = -z**3 + z. Let n(t) = j*f(t) + r(t). What is n(-1)?
-8
Let f = -1 + 6. Let v(o) = -o - 3 - 6*o**2 + f + 4*o**2. Let s be (2/6)/(2/12). What is v(s)?
-8
Let g(u) = 10*u**2 + u - 1. Let l be g(1). Let t = -16 + l. Let s(p) = -p + 2. Give s(t).
8
Let j(z) = 5*z**2 - 4. Let h(g) = -16*g**2 + 11. Let n(m) = -3*h(m) - 8*j(m). Determine n(1).
7
Let q(v) = -2*v**2 + 6*v + 7. Let l be q(5). Let g = l - -12. Let z(u) = 7*u**2 + u. Give z(g).
6
Let r = -7 + 8. Let i(k) = -k + k - 4*k. What is i(r)?
-4
Let n(m) be the third derivative of m**6/120 + m**5/30 + m**4/12 - m**3/3 - 6*m**2. Determine n(-2).
-6
Let s(w) = -w + 1. Let n(x) be the second derivative of x**2/2 + 3*x. Let z(p) = 4*n(p) + s(p). Calculate z(4).
1
Let l(c) = -c**2 - 17*c - 14. Let j be l(-16). Let g(d) = -2*d**j - 1 + 2*d**2 + 3*d - 2*d**2 - 2. What is g(2)?
-5
Let y(s) = -s**3 + s**2 + s - 5. Let x be y(0). Let v(p) = 7*p**3 + 8*p - 1. Let c(n) = 6*n**3 + n**2 + 8*n. Let u(o) = -6*c(o) + 5*v(o). Determine u(x).
10
Let m(c) = c**2 - 4*c - 1. Let x = 70 - 65. Determine m(x).
4
Let w(j) be the second derivative of 0*j**3 + 5*j + 0 + 1/2*j**2 + 0*j**4 + 1/10*j**5. Calculate w(-1).
-1
Let q(m) = 3*m + 4. Suppose 3*d + 12 = -3*f + d, 3*f = 4*d - 30. Calculate q(f).
-14
Suppose -3*m - 20 = 46. Let g be (-5)/10 + m/4. Let d(q) = -q**3 - 7*q**2 - 5*q + 8. Give d(g).
2
Let n be 3/2 - 1/(-2). Let u(y) = -2*y**3 + 2*y**2 + 2*y. Let t be u(n). Let z(l) = -l. Let a(k) = -3*k. Let r(f) = -2*a(f) + 7*z(f). Give r(t).
4
Let i(v) = 3*v - 6*v - 1 + 0. Let r be i(-1). Let m(k) = 3*k**2 - 4*k + 2. Give m(r).
6
Let d = 0 + -4. Let q(x) be the first derivative of -x**4/4 - 4*x**3/3 - x**2/2 + 4*x + 26. What is q(d)?
8
Let n(c) = -c**3 - 4*c**2 + 4. Let h be n(0). Let p(l) be the first derivative of 1/3*l**3 - 3/2*l**2 - 1 - 3*l. Calculate p(h).
1
Let t(l) = -2*l + 12. Let r be t(6). Let y(z) = r*z + 4 - 9 - 3*z + 2*z. Let i = 7 + -12. Give y(i).
0
Let d(k) = 3*k + 1. Let g(v) = v - 5. Let s be g(5). Suppose 3*x + 16 = 7*x - 4*o, -3*x - 4*o - 2 = s. Determine d(x).
7
Let u(k) = k**2 + 6*k. Let y(r) = r - 20. Let w be 11 - (2 + (-10)/2). Let x be y(w). Calculate u(x).
0
Let n = -1 - -3. Suppose i = -n*y, 16 = 2*i + 2*i. Let h = 2 + y. Let w(o) = o**3 + o**2 - o - 9. What is w(h)?
-9
Let b(q) be the third derivative of q**4/24 - 7*q**3/6 - 7*q**2. Determine b(5).
-2
Suppose -x + 3*o = 4, -19 - 15 = -5*x - 3*o. Let s(r) = -r. Determine s(x).
-5
Suppose -2*t + 5*c - 2 - 1 = 0, 0 = -t + c + 3. Let w(f) = -f**3 + 7*f**2 - 6*f - 6. What is w(t)?
-6
Suppose 3*h - 6 = 3*d, 3*d + 4*h = 2*d + 8. Let c(z) = -z - 15. What is c(d)?
-15
Suppose -16 = -4*f - 4. Let p(j) = -j**2 + 3*j. Determine p(f).
0
Suppose -2*s + 18 = 12. Let p(u) = -7*u + 1 + s + 1 + u**2. Determine p(5).
-5
Suppose -25*i + 27*i = 0. Let r(v) = -v - 1. Let k(l) = 2*l + 4. Let p(t) = k(t) + 3*r(t). Give p(i).
1
Let t(p) be the second derivative of p**4/6 - p**2 + p. Let v(d) = 3*d. Let w be v(2). Suppose 0 = 2*x + x + w. What is t(x)?
6
Suppose -a = -4*p + 19, -2*p + 16 = a - 1. Let g(k) be the third derivative of 1/60*k**p + 0*k**4 - 1/3*k**3 + 0*k + 3*k**2 + 1/20*k**5 + 0. Determine g(-2).
-6
Let l = 7 - 5. Let a(m) = -m**l - 1 + 8*m - 3*m + 0*m. Suppose 2*r = 4*s + r - 25, 4*s + 4*r = 0. Calculate a(s).
-1
Suppose 0 = -0*i + 3*i - 9. Suppose -i*m - 17 = -0*m - 4*v, 18 = -2*m + 4*v. Let o(w) = 4*w**2 + w. Determine o(m).
5
Let i(u) = 3*u**2 + 6*u - 6. Let s(p) = 3*p**2 + 5*p - 5. Let a(w) = 4*i(w) - 5*s(w). Let l(z) = z**3 + 5*z**2 + 6*z + 6. Let h be l(-4). What is a(h)?
-9
Let v(k) = k + 21. Let z be v(-11). Suppose z = 5*a + 5*o, -o = -a - 4*a + 10. Let d(l) = -a*l - 2*l - 3 + 2*l + 9*l. What is d(2)?
11
Let i(p) be the first derivative of 2*p**3/3 - 5*p**2/2 + 3*p + 9. Determine i(3).
6
Suppose -13 = -4*z - 17. Let h(r) = 3*r**2 - r. What is h(z)?
4
Let i(c) = -c + 7. Let v be i(5). Let z(d) = 3 + v - d + 4. Calculate z(4).
5
Let p(j) = j**3 - 6*j**2 + 5*j + 5. Let d be p(5). Let s(y) = 2*y - 5 + d - 3. Give s(2).
1
Let w(k) = -k**2 - k**3 + k + 1 + k - 3*k. Suppose a + 1 = 2*x, -3*x + 3*a = -4 + 1. Calculate w(x).
1
Let z(n) = -n + 3. Let o(t) = 3*t - 13 + 2*t - t**2 - 3*t + 8*t. Let j be o(9). Give z(j).
7
Suppose -3*l = -4*l + 2. Let q(n) = -n**2 + 11*n - 6*n - 3*n - l. What is q(2)?
-2
Let l = -125 + 230. Suppose 2*m + m - l = 0. Suppose 5*x - 4*a + 9*a + m = 0, 0 = 5*a + 25. Let f(s) = 2*s**2 + 2*s + 1. Determine f(x).
5
Le